{"id":186,"date":"2025-06-17T13:05:00","date_gmt":"2025-06-17T13:05:00","guid":{"rendered":"http:\/\/91.214.191.58\/?page_id=186"},"modified":"2025-09-12T15:02:48","modified_gmt":"2025-09-12T13:02:48","slug":"pour-les-adolescents-13-18-ans","status":"publish","type":"page","link":"https:\/\/stgilduin.fr\/?page_id=186","title":{"rendered":"Pour les adolescents (13-18 ans)"},"content":{"rendered":"\n<p><\/p>\n\n\n\n<div class=\"wp-block-columns is-layout-flex wp-container-core-columns-is-layout-28f84493 wp-block-columns-is-layout-flex\">\n<div class=\"wp-block-column is-layout-flow wp-block-column-is-layout-flow\" style=\"flex-basis:66.66%\">\n<figure class=\"wp-block-image size-full\"><img loading=\"lazy\" decoding=\"async\" width=\"554\" height=\"307\" src=\"http:\/\/91.214.191.58\/wp-content\/uploads\/2025\/06\/Capture-decran-2025-06-23-a-11.54.09.png\" alt=\"\" class=\"wp-image-277\" srcset=\"https:\/\/stgilduin.fr\/wp-content\/uploads\/2025\/06\/Capture-decran-2025-06-23-a-11.54.09.png 554w, https:\/\/stgilduin.fr\/wp-content\/uploads\/2025\/06\/Capture-decran-2025-06-23-a-11.54.09-300x166.png 300w\" sizes=\"auto, (max-width: 554px) 100vw, 554px\" \/><\/figure>\n<\/div>\n\n\n\n<div class=\"wp-block-column is-layout-flow wp-block-column-is-layout-flow\" style=\"flex-basis:33.33%\">\n<h5 class=\"wp-block-heading\">Equipe &#8211; accompagnement des jeunes (13-18 ans)<\/h5>\n\n\n\n<ul class=\"wp-block-list\">\n<li><strong>Aum\u00f4nerie des coll\u00e9giens<\/strong> : Hermine et Louis-Marie de Soye<\/li>\n\n\n\n<li><strong>Aum\u00f4nerie des lyc\u00e9ens<\/strong> : Marie\u2013Laurence Ceindrial <\/li>\n<\/ul>\n\n\n\n<div class=\"wp-block-buttons is-content-justification-center is-layout-flex wp-container-core-buttons-is-layout-a89b3969 wp-block-buttons-is-layout-flex\">\n<div class=\"wp-block-button\"><a class=\"wp-block-button__link wp-element-button\" href=\"https:\/\/public.enoria.app\/pubinsc\/gp\/ff9f6e4d5634faf\/open?display=iframe\" target=\"_blank\" rel=\"noreferrer noopener\">S&rsquo;inscrire \u00e0 l&rsquo;aum\u00f4nerie<\/a><\/div>\n<\/div>\n<\/div>\n<\/div>\n\n\n\n<p>L\u2019Aum\u00f4nerie de l\u2019Enseignement Public est un lieu d\u2019accueil propos\u00e9 par l\u2019Eglise \u00e0 tous les coll\u00e9giens et lyc\u00e9ens. Dans le but de se construire et de grandir humainement et spirituellement. Elle propose des temps de&nbsp;:<br>&#8211; &nbsp;convivialit\u00e9 (repas- cin\u00e9- week-end..)<br>&#8211; activit\u00e9s propres \u00e0 chaque niveau (6<sup>\u00e8me<\/sup>&nbsp;\u00e0 terminale)<br>&#8211; temps de pri\u00e8re<br><\/p>\n\n\n\n<p>Sur la paroisse une \u00e9quipe de jeunes de l&rsquo;aum\u00f4nerie se fait en lien avec le Doyenn\u00e9&nbsp;de Chartres.<\/p>\n","protected":false},"excerpt":{"rendered":"<p>Equipe &#8211; accompagnement des jeunes (13-18 ans) L\u2019Aum\u00f4nerie de l\u2019Enseignement Public est un lieu d\u2019accueil propos\u00e9 par l\u2019Eglise \u00e0 tous les coll\u00e9giens et lyc\u00e9ens. Dans le but de se construire et de grandir humainement et spirituellement. Elle propose des temps de&nbsp;:&#8211; &nbsp;convivialit\u00e9 (repas- cin\u00e9- week-end..)&#8211; activit\u00e9s propres \u00e0 chaque niveau (6\u00e8me&nbsp;\u00e0 terminale)&#8211; temps de pri\u00e8re [&hellip;]<\/p>\n","protected":false},"author":2,"featured_media":0,"parent":0,"menu_order":0,"comment_status":"closed","ping_status":"closed","template":"","meta":{"iawp_total_views":2,"footnotes":""},"class_list":["post-186","page","type-page","status-publish","hentry"],"_links":{"self":[{"href":"https:\/\/stgilduin.fr\/index.php?rest_route=\/wp\/v2\/pages\/186","targetHints":{"allow":["GET"]}}],"collection":[{"href":"https:\/\/stgilduin.fr\/index.php?rest_route=\/wp\/v2\/pages"}],"about":[{"href":"https:\/\/stgilduin.fr\/index.php?rest_route=\/wp\/v2\/types\/page"}],"author":[{"embeddable":true,"href":"https:\/\/stgilduin.fr\/index.php?rest_route=\/wp\/v2\/users\/2"}],"replies":[{"embeddable":true,"href":"https:\/\/stgilduin.fr\/index.php?rest_route=%2Fwp%2Fv2%2Fcomments&post=186"}],"version-history":[{"count":10,"href":"https:\/\/stgilduin.fr\/index.php?rest_route=\/wp\/v2\/pages\/186\/revisions"}],"predecessor-version":[{"id":660,"href":"https:\/\/stgilduin.fr\/index.php?rest_route=\/wp\/v2\/pages\/186\/revisions\/660"}],"wp:attachment":[{"href":"https:\/\/stgilduin.fr\/index.php?rest_route=%2Fwp%2Fv2%2Fmedia&parent=186"}],"curies":[{"name":"wp","href":"https:\/\/api.w.org\/{rel}","templated":true}]}}