{"id":38,"date":"2025-06-17T11:34:35","date_gmt":"2025-06-17T11:34:35","guid":{"rendered":"http:\/\/91.214.191.58\/?page_id=38"},"modified":"2026-02-20T16:54:10","modified_gmt":"2026-02-20T14:54:10","slug":"horaires-des-messes","status":"publish","type":"page","link":"https:\/\/stgilduin.fr\/?page_id=38","title":{"rendered":"Horaires des messes"},"content":{"rendered":"\n<h2 class=\"wp-block-heading has-text-align-center\">Messes dominicales <\/h2>\n\n\n\n<p class=\"has-text-align-center\">21 f\u00e9vrier 18h \u00e0 Champhol<\/p>\n\n\n\n<p class=\"has-text-align-center\">22 f\u00e9vrier 10h30 \u00e0 Saint Prest<br><br><strong>28 f\u00e9vrier :<\/strong> exceptionnellement  messe \u00e0 18h15 \u00e0 Champhol<br><br><strong>1er mars <\/strong>: 10h30 \u00e0 L\u00e8ves*<\/p>\n\n\n\n<p class=\"has-text-align-center\">*<strong>jusqu&rsquo;au 30 avril<\/strong><\/p>\n\n\n\n<p><\/p>\n\n\n\n<figure class=\"wp-block-gallery has-nested-images columns-default is-cropped wp-block-gallery-1 is-layout-flex wp-block-gallery-is-layout-flex\">\n<figure class=\"wp-block-image size-full\"><img loading=\"lazy\" decoding=\"async\" width=\"510\" height=\"376\" data-id=\"365\" src=\"http:\/\/91.214.191.58\/wp-content\/uploads\/2025\/06\/Capture-decran-2025-06-23-a-16.36.30.png\" alt=\"\" class=\"wp-image-365\" srcset=\"https:\/\/stgilduin.fr\/wp-content\/uploads\/2025\/06\/Capture-decran-2025-06-23-a-16.36.30.png 510w, https:\/\/stgilduin.fr\/wp-content\/uploads\/2025\/06\/Capture-decran-2025-06-23-a-16.36.30-300x221.png 300w\" sizes=\"auto, (max-width: 510px) 100vw, 510px\" \/><\/figure>\n\n\n\n<figure class=\"wp-block-image size-full\"><img loading=\"lazy\" decoding=\"async\" width=\"360\" height=\"241\" data-id=\"368\" src=\"http:\/\/91.214.191.58\/wp-content\/uploads\/2025\/06\/Capture-decran-2025-06-23-a-16.41.43.png\" alt=\"\" class=\"wp-image-368\" srcset=\"https:\/\/stgilduin.fr\/wp-content\/uploads\/2025\/06\/Capture-decran-2025-06-23-a-16.41.43.png 360w, https:\/\/stgilduin.fr\/wp-content\/uploads\/2025\/06\/Capture-decran-2025-06-23-a-16.41.43-300x201.png 300w\" sizes=\"auto, (max-width: 360px) 100vw, 360px\" \/><\/figure>\n\n\n\n<figure class=\"wp-block-image size-full\"><img loading=\"lazy\" decoding=\"async\" width=\"462\" height=\"294\" data-id=\"367\" src=\"http:\/\/91.214.191.58\/wp-content\/uploads\/2025\/06\/Capture-decran-2025-06-23-a-16.40.50.png\" alt=\"\" class=\"wp-image-367\" srcset=\"https:\/\/stgilduin.fr\/wp-content\/uploads\/2025\/06\/Capture-decran-2025-06-23-a-16.40.50.png 462w, https:\/\/stgilduin.fr\/wp-content\/uploads\/2025\/06\/Capture-decran-2025-06-23-a-16.40.50-300x191.png 300w\" sizes=\"auto, (max-width: 462px) 100vw, 462px\" \/><\/figure>\n<\/figure>\n\n\n\n<div class=\"wp-block-columns is-layout-flex wp-container-core-columns-is-layout-28f84493 wp-block-columns-is-layout-flex\">\n<div class=\"wp-block-column is-layout-flow wp-block-column-is-layout-flow\">\n<figure class=\"wp-block-image size-large is-resized\"><img decoding=\"async\" src=\"data:image\/jpeg;base64,\/9j\/4AAQSkZJRgABAQAAAQABAAD\/2wCEAAkGBwgHBgkIBwgKCgkLDRYPDQwMDRsUFRAWIB0iIiAdHx8kKDQsJCYxJx8fLT0tMTU3Ojo6Iys\/RD84QzQ5OjcBCgoKDQwNGg8PGjclHyU3Nzc3Nzc3Nzc3Nzc3Nzc3Nzc3Nzc3Nzc3Nzc3Nzc3Nzc3Nzc3Nzc3Nzc3Nzc3Nzc3N\/\/AABEIAJIBDAMBIgACEQEDEQH\/xAAcAAABBQEBAQAAAAAAAAAAAAAAAgMEBQYHAQj\/xABKEAABAwIDBQQFBwgJAwUAAAABAAIDBBEFEiEGMUFRYRMiMnEHFIGRoSMzQlJysbIVNmJzwdHh8BYkJjRDU2OCkjXC0iVUhKKk\/8QAGgEAAgMBAQAAAAAAAAAAAAAAAAUBAwQCBv\/EADIRAAICAQIEBAUDAwUAAAAAAAABAgMRBDEFEiFBEzNRcSIygZGhQlLhFMHxBmGx0fD\/2gAMAwEAAhEDEQA\/AO4piqqPVoHzPaSxgzOtwbxPsCfVXidXJEGtpbGosXxRuNm1Ft7Aedt38CoYGdxKtkpKh8rflHYeTO0A39Yo5fGB9kj\/AOoKopYPk+wjDp20zHRRZBd1RSTfNkcy19tAPuTlRUeryUs9E4GmErjQulFuyJ8dLLyB4ezhqPJoYWULGwOgZRnO+NtXK+N9LmNnQkM7zhmBs0b7a9aG8kEeVktXUMirakOaw2bBUSOldfmIYdc3HU6810PAwGUwiMji5gFo3RMiyDowatHQ6rn9G2KF4hLzG1\/0HAwB\/QQx3kk9pC3+BwCno7Bj2N3gGFsLfYwaj\/dquqwRbIQk5t+64VxIpC8vu5ngvUAZra+Crlgj9RqhTyG7c5Zmt\/Fc8rNndoJnZpK91QeXrTwPcbBdaxOLtKN4G9ozD2LO\/DySLV627Q3t1xi1Lr1Wfzv+RjpsTrx6HOP6JYv\/AJX\/AOgfvUiDZfH4zeCsfTf\/ACifuut+eV9UE2\/iq5\/6j1Uljlj9v5NHgoj7F0WKwVJGJ17auwuC1li3pm4j2LcKm2fhy08k53vdYeQ\/jdXKZ8PUnT4kkk5deiwvshbqXmxpdgQhNTzMgifLM4NjYC5zjwA3lbig5ftnjWIflOvw2WVzqIEARyR2tuNwbA7xod1ue9YiokMVVFI3eyzh5g3V9tbj1NjlQ+oo6QwFvdD3SDNIOrbaHXmVl6ioElO3ICXHRoHiV0eGzmm5vD7FipbXU3Wxm2E1HUzy4zPU1LJ8tnvJIjAzXIF9OHDh013Ndtpg1FVGnknL3DxOibma3Ug3I8viuNRyBsIdk7o0cUiapdUkNjeC2Q5sznAAnjcmwCxzhdQlzorlGUdz6Aw2vjxKiiq6cHspRmYXCxIvvspaptk6Q0GztDTmZsxZCLvYbg8dDre25XKtWwGL26Jlw+WKkrJnSSd19PlD43ctS02OYt0B4q7wSooPU6Wnw7L2GVwjIbYODbZiOep38dVF2ko8RrnRsw8WdGQ\/tJnDILEEANAuSbcSAFQUWI1GFYxSRV9MRBS0ckLGQEfJAvbbPmsG6NaAdxtoTqszfJY2+5qUeepRW6N\/vGljySgLKk2fxNlVBJC85JoJHs7OQFrzGHHK7KdbFtted1LocVgraaapicDTxyOYJBudl0cfK9\/ctCmmZ3FrcsLJqWJkjMr9QLOtw0OnxUDEccpMPktUyMY0ZDISbFocSAbcRcG\/JUtftb2THyUoD2NqHjPI0hnZtYdQfpd7cG6kct65lZFbkxrnLZEOVjsN2olfTSikjrZmRkR5SCe7uBFg7vh2762+4tuImZGZczj1cblZTBMHnnqzU43K+SrY5xMJA7JwcbhzdLngCCTq0cmla5c0xwmzu5ptL0BCEK4pG5nSNic6Fge8DRpNrnlfgsTjtTFNSyVcRldh5k\/rDGttNQTg\/ODiNd46kjeb7aRzY2uc8ta0DUk2AWb2jwSolmOKYJIGVxZaaMgZKlg+i4HQm2mvwXE1lAZBsz6qqexzYJaqobaaHNlgxJl9HMP0JLj333G4M+pc1lK7szXSGNrY3AMbDI1rRfLLMdGWzZdLE2CoAxs07oIadzX5vlcNkdlc13HsnHUHdoddBo4Kxx2YPibK4zVABuZKwFkcZAAHctd0lm677crHSjPQgkYRWFgf6gyKnjbftX0jQA39ZUS\/9oPRbrBalk1KDES9u8vzPc0+T3eLzGi53hdNNUxx11Q+KnpYyMtbXgZWdIYvD8D7Ny32BRwOjFRG2qnzDSqqr5n\/AGWnVo8gArK2CLkrK4zjbaarmgkJEUkWZh5PHeYR0dYjzYea0VXU9hG5zW53AEtYN7rbwOqwWL9nU1D2REVEAgfPTOHhlpnalvnG+zh0FuC7m8LoSaOgxf13GpuzPyAJjiJ0GRnzknkXua0fZ6FaFrw9oc3UHULE4cx35RqKFzRG+S0lWARkpKZt8kN\/rOuSejnLZU8zZ4Wys1jcA5h3XHA28lMWA45oIIPFY9pOZzHaPabFbEi6zeN0MrZnVMLSWO8VuCT8aolOuM4rb\/g2aOaUnF9yrLjmzXTsj8sebmo9xfop2GUMtXLGSCIW6lxFr+S83VVO2ahFdWMpyjBZkaLDmFlDA1wsQ0XHVTF5lFrcl6vd1w5IKK7CJvLyCpNsZYI9mcRFXN2MckDo89r6uFhYcdSFdrI+knDqrEtmj6ix0skErZjE3xPaAQbdQDf2K6tJzWQjujiwlkLmsdC5jjvcToPJOCKJkFhG1pbufxXkokliGW7W7y88kxJC90bs0\/cOoHRPzaPNc+akMjGG5HPirvZ7Y7GsVpoZKaBrYJW5m1EjrN\/f8Nd+5Z81tPFCQx3C1tdPNdu9GNHVUOx1FHWseyR7nvax4s5rXOJAPLn7Uv4jFSgvcpu2RcbP4RDgmFRUULnuDG94veXXdxtfd5CwVovLBepbjBnE5R1VfX4XFWOhB7kbJO0d2ZyucQNBcagc\/duuFZKHiOIU2GUpqq2Ts4QQC8NLt+g3LmWMdSY5z0Mi\/BKmLCJpBI2ofTySNFHPEHsdZxDclrFhLbbjx3KK7CcRZSikZEIIKKdoMLJnvikabHUZmktu7iD4Sr7+mezev9e3m5+Qk\/8AFSsO2lwbFKsU1FUdrM4HumF7bgdS23PisqhU3hS\/JqdlqXWP4K6HZ+vZVAxz0tJFkJkFPA1oc4nTvANdz48lOpNmaaGd08k00z5PnBI8ua7dpcnNbTcSRqdFfW4osFoVUUUO2TEiNrQABoBYDkEtCFYVghCEAJc1r2lrgCDvBG9ZXEdna+jeajZmudSc6N5vEfsg3DfLd5LWLyyhpMDl2MV75i1m1eByRSgaVlL3HD33a72lLqclXJTmhD8brXE9h2jfk4mWBzubuzEmxzaXbru16cWgixFx1UCkY2LEa2ENDc+SbQcxl\/7FW6\/VkYKXBdlXRzsr8dnNbXAd0PN44vIcfu6LRVErIYy95ytzBpcTuvoPjZP2Ch4g6AxCmqxeGqJhJO65Gg9uvtsF2kookocWxDt6UNmkFPIJewdMDpTVLdWO6Mdz5EDiVmaITT+uufA6INLu1iZ3jSTuaQS0anI\/vC3A9BcmJVZglqG4kHSZQKPEmgaytHzM4HPcfMAcVMoIIoIgytnFLXQFkRrAQWTQD5SOTXQ\/N2B38DfcqW8sgjmdkVV2NVFPHTzSdo3DgAamukJ0dNyBPA2FuBC3WFul7wrZGOrHWfLHGe7DyaP5udTuWIwxrpamafAs0UNz6xjdfq888t7AfzeyvsLqoJoLUTnxYTG+zqmXWSulPLiRfed7joNy6h0BGsSDYDU+0pQSZGNe0tdqHCxVrJM1XzU\/5bhIkiyAszG4tvWjYQWAtLSObdyyWIU1NTYkIGNtDmjzXOoudfgtXTU8VLA2GIEMbuCT8Nc3dcmlv+TZqVFQhh9h9CEJyYwVTtLBUVGAYhDRhxnfA9sYabFxI3A9VbLyylPDyCPmmSsYxj7OII3tc0ix5fwWowf0b47iVJSyz1FNS0krQ8tkLu1aDu7trXtra\/FdgkwXC5Kz12TDqR1WNRO6BpeP91rqaGgLbZrpP5Vgula3sVmHbP4Xh9NSww0cLjSxhkcskbXPsP0rb1aWXqTfS\/7Fibb3KcikJJcvfaoA9WZ9IY\/srVX+vF+MLRh7SDY3tyWb9IZ\/srU\/bj\/G1U3+VL2ZbR5sfdHI3Ejj\/N1pPR5+dUB\/Qf8AcVm3+Ky0vo\/BbtVT6G3ZvJ\/4lJ6PNj7jm\/ypex15C8ui+ifCE9Qk5ri7bFFzZACkIQgAQhCABQKr5GvpZ\/ovzQv6E6tPvFvNynqNW05qaaSLNlJF2v8AquBu0+w2PsUMCSqTHJI6l5wid\/ZmthPq8o3iRpv7x3XDnYqxoar1mna9zckl8sjPquGhH89FUbaYZJX4M59Lf1mleJ4i3xXbvA9n7FEtgMZiNSK8x4jUx\/1qk\/q2LQDTMy5GcfHycG8lePirMOpG03q1PiDaGJzI5p3sbE1riC0uLtxa0AWHA71BwfPXuh2jaGP0dT4tBawc21i8Dj3cpI6aKNiNbgBYyCsp8RqpgbupWudHGw2ADTexJaA1t+ipXqQQ2zOxTEG+tPmxipFjFSUwyQNtuudNPIW\/SW9wXCpoJGVmKyRy1gbkjZGMsdO36sY8uJ1VNglTi08DYcEwCDCYD4qiocTfqBYFx6m4Wnw\/DxStL56iSqqHCz5pTqegA0aOgXUESWCRI8MaXOIAG8ngmqqripIjLUPaxg4uWYxXF34gDBTtLKf6T+Lv3BUazXVaaPV9fQupola+mxDrpjWyz1DdM5u23IWA+5a3CqwVtHHM0i5HeHJyyIFmhoAAHVO4fWy4bN2jBnhd42deYXnOH67wL3KzaW\/\/AGMtRR4laUd0bdCh0OIQV0ZfTvBt4gRYhRsZxuDDGAO787h3Yx+3kF6p6ipV+JzfD6iuNU5T5EupZ5tbJLpWN8TmjzcAud4hjtfUnNJK5sf1Ie6FXtkZKNHZjyKVWcZin8EcjOHCJtfHLB1Rk0bx3Xsd5G69LtNLX6rlmUNG4A+dlNosbrKI\/JVZe36jzmHu4exFfGYt\/HHHsE+ESS+CWTpKqNqJ302A1s8dQ+B8ceZsjBcgjdovMGx6HEx2ZAjqANYzx8uajbbMEmzFaO1Mdmg3bqTZw7vt3dE08WNlLnB5WBd4UoWqE1jqYPBto8bqcVo4JcRmcySoY1zSBqMwvwXSmvd2jmlxtvb5Lk+yrc20mHtMhBEt9\/IE\/sXU5Xbns\/w3EOVGhbcG2y\/XKKmkkR8RNR6hXto5HR1AiL4nN3g2XLq7HsVr4xBU1sssD3AuYbWPEcOa6q52SqufD+wrnW1ez8+HVzqilY6SkkcXjK35u43Hp1Ua2EmlKP1J0U4JuMvoZtx+VspVLWVOH1AqKKZ0MwNs7d9vaoxF5f3cEqTeGjVxcNLdUrTwxq1ldTQUe0eO1VZTwDFJwJXtbubfU25LponPbSNL3akAarCbH7PTetx11bG6INv2cbxY+ZWwfIDP2gGmZN9HGahmfcT6yUHNKHYodtMUr8NgojQVUkAeX5stteW9Rdg8axTEceMFZWzTxCB7i11rXuNdPNe+kQH1Khs25a8iwPMEqD6NJDHtA+MxX7SmcM1t1i0\/z7FTOUlqks9OhfCK\/pW8dTqqEITIWghCEAC8sF6hAEZlN2dXLMxxAlAzM4EjcfO2nsHJP2968O9QJaiWsldTUTi1rTlmqB9H9FvN3wHHXRAFLLhjoayt\/IcUbmPe2SeGR2WMytNwGkDmQXeTRxNq2pm29qJgGU0dOB\/l9kR73Erc09PFTxNihblY0WAv+3inLea45MgZnD8Jx6oLXY3jMgaDrBShrL9C8AH3WWkjjbGwMYO60WAulWXq6SwBGqaOCqDRUR5w03AJ3FMjCKEbqcD2lT0KudFU3mUU37HaslFYTIH5Iof\/AG495QcIoTvpx7yp6Fz\/AEtH7F9kT4tn7mQ6bDqSkkMlPCI3EWJHJc5xKpfPjdaZzcmZzWgncGkgBdSWS2h2T9dqH1dFIxkr9Xsfo1x534LFxDSudKjUtnsbeH6iFdrdj37mXOh3e5RJB2r7wsJ\/S3BTpsHxql8dHI\/qwZ\/uUfJXMFjQzW\/VOC886bIvrFnoI21y2kvuR2Qkyls5cb+E30UxjGN8DAPYm8lc8AChm0\/0nFPx4VjNT4KGZv2m5PvQqrJPoiHbXHq5IbgqX02IU0kJ+UZIDoetre1dPrKSGtpZKaoaXQyNyvaHEXHLRZbANknU9THV4i5pfG7MyJmovwJK2K9FwzT2VVvn79hBxG+u2a8Pt3M+Nl8Ew+9XR0DI54wS14c4kX9vVOM7tRKD4H2HtVnXm1K8cxZVjrH1j+bJlGKjsjBKUpbvI1I1zXFr94FrpTZG9nkk3cLcEqMOqIyw+NouCNzgmSC3RzdUM5GJcBwiod2j6emJ+tkAJT1LhuFULg6CCJrgb3YwA+9e8d9umq8BAOp06Lnkjvg755YxkeknzNyx6D70mIC5c7wN7zj0XscLnC+WzfrcF5L342hmkdySDxXZweR4XR4wJBiUAmaH5wLkWPs81Kw\/ZvCcNqW1NFRiKVoIDg9x0PmUvCfE8c1aLlwi3lrqdKcksZ6AhCF0cghCEACEIQA3LE2WNzHFwDgWktcQbHqNyIoI4YmxRNDI2izWtFgE4hADbZA5xaLXG\/oh8oZbNYXICr6yb1TEKeV2kc\/yL+jt7T96VjcnZ4bJICLsLXC5tqHA\/sWeVyUZv9v+SxVtuK9Swv3bpMUnaRMeLWcAQs5LtrgzZTTxzSPfuBbES3Nyup2FYlTuwZsjJWuNLGGzAHVrgNQfcoWprc+VPtk6dFkY5cWW7Xg3twulKJh5cKGEv8ZYHO8zvSqao7dheAMmYhp520v77q6M00v9yprGSShJDr7rJS7IBeWXqEAeZdLAlGUL1CAPMoRZeoQB5lFrL1CEARsQ\/uzlV3u6Zo43t71Z4h\/dj1VXTDNUG3tQBJwpvyj+TmqLtlWS4ZgU1bSRxOmY5gAkBI1cBwI5qwoWiNwbcXDd11UekT81qr7cX4wqrm1XJr0LKknZFP1RiRt1X5P+m0mbnndb3XVnsltJiOLY\/BTVUdJHA5ry4QxkE2GmpJWIWi9Hg\/tPT9GSfcUsq1FkrIpsaXaeuNcml2Osva0RkAAWCo3fNAb7Ei3uV9J4HX5KkmZkdbyP8+5OBOSsJ8blaKrwne4q0QAIQhAAhCEACEnMqTaLaajwOMiRwlqSLsgadfM8guZzjBc0mdQhKb5YrLLeWpihAM0kcYJsC9wFym6rEKSki7WpqYo28C52\/wAua5BiNfWY3Ues4hJmZ\/hxDRrPIKOXxxjTK3oAlk+JYb5YjOHDG0uaRtcd2spa7LRUUEkkZeL1DzkDbchvPwWcxGWrqMWilraqWcZw6PM7Ro5Abgqx1THxKnSYtRSGLtmSlwN8wZolGpuuss5vVYePwMaaK6o4QuWnYcVYSwauDgbcP5CcpWzU+I18kcjmwuZaQA+Ljr8VJidBUvZURShwZpp9x5L2dpbBM6MF7n8PZZLfHksR74x+TRhNFsNt\/XsPmbFROp8sfekMlwPLTXRZ+XG8UxaIRvl9Vw+JoaY4LsDrcL73fd0TrqUimZTR93Me+R8UxO0zyeq0wHZx6X4X5re9fZbJvP8AC\/kz16SqGyL7YbHJoal2GVsl4X3MDyb5CN7bnhbd5LfNkDhmFi3muOSGOFroojd25z+fQJEU08RvDNJH9l5CY6XiMowxJZRl1HD1ZPmi8HZy61175LklLj+LUjgYq+Yji2Q5wf8Alf4WV1R+kKeIf+o4ex7f8ynfb4G\/3phXxCqW\/Qw2cPujt1OhIVVgePUeNwPko3OBY7K+ORtnNPUK1W2MlJZRilFxeHuCEIUkAhCEAR6wZoSDuvqq2mYSGsHikOpHAc1a1IvA8cxZRqCO13kbu632IAkxU8URuxtja11nfSJ+atV+si\/GFp1mPSJ+atV+si\/GFTf5UvZltHmx90cmK0fo9P8AaenH+nJ9yzTvDdaL0dm+1NP9iT8KT0eZH3HN\/lS9jr5FwQeKrXR2kIO8DLqrNRKmlMzw8PLSB7zwT4QjGGAtkkbyKslBpARUPLhldl7wPBTkACEIQAJObTmlKq2mc6PZ7EXse5j200hDmmxBymy5k+WLZMVzNIyG1u2c7amWiwaUNZELSTtbcl3JvQc1jI2vqJDPO5zyTcueblxS44h2TG8PF5r2pd2cIy2GoAXnbb52y6npaaIUxwjyR7nXbFoBvcktja3cNeZSmABjcu4717cAXO5Ulwl+jXG24XUS2Ygb7+9PPnDmkNabkWRDEQQTwXS6IgRBPNh9TnhdcbiBuI6rVUlVHVwiWE3B08isvVgZb9CFL2ZkLamWIeBzC4jqsurpU6+fugi+V4NE5uZpbci4tcKBNI4vNHRRmwFnvtpfkrFRahlRI60crIohvI1LvNLKZJPqWsgSRRQ6SHtZB9Bu4e1MOcHdPJSZW0kRsXvkf9Vu5MvkDvmmMb7L\/emlbb69WcDaDrv+KF44lrSTwVwEjCcSlwPEGVdK3u+GaLhI39ljqutYdiEOI0kVVSPD4pBdp5dD16LjTJGStNwOrVOwPHq7Z2V7IAyenk1dC8kA9QeBW\/R6rwnyS2F+s0ni\/FDc7GhVuB4vFjOHR1sLSwOJBY7e0g2srJO4yUllCNpxeGCEIUkCJRmYW80RxiNjWNvZotqlW1XqABZj0ifmrVfrIvxhadZj0ifmrVfrIvxhU3+VL2ZbR5sfdHJD4B1stF6PNNq6cf6cn4Vnd7GrR+j4W2rpv1cn3JPR5kfcc6jypex19eWXqE+EInKM2a2trXSkIQAIQhAAs5txWMp8BnhLh2tSOyY3ib7z7Bf4LRX16LlO1mIGuxqoeHXjhJij6Ab\/AHm6yay7w6+m76GvRU+LavRdSnY4XLB9EWTFb8yzo8BeUpLpZHHe5e1o\/q9+TgUhW56B7BEbRgncE3NMC3KNyC69PYb0yQRvClIkXFIIzdykNeHjunVREpndNwUNEDlX4E9s5\/1EjnGR8QmKpwLNE9s5f8oiw3REn4Ku7yZEfqRqVBq6IzTdq+qc2MbmHwj4qampqWCc3mia48+PvSSqfJLJc0V5poGeKsb\/AMf4plzIG+CZzvJn8U8RQyBwjkka5rsp0OhTLoor9ydjm\/ZITSDfdv7HI0SD4figi4IPFNVbjEBltcptlY0jvNN1pSZyRzdjzl3g2CkwzCUhrh3hyUUuuSeZul0xDZR14rproQdA9GVVeGvos3glErR0dofuHvW8XH9l8S\/I2PsqJLCnl+SkPIH6XsIC69muL+5O9DYpVY9BDr63C5v1FIQhbTECEkE8UZggBSzHpE\/NWq+3Hw\/TCXjW22BYPmbPWslnb\/gU\/ff5G2jfaQucbV+kGtxylko6OiZTUjiCS8l0hsbg8hu3arNqLIcjjnq0adPVNzUsdEyqG4DlzC0Po+v\/AEqpidPk5fuXPzLJLvlefNytMFxjEcErWV1G5j5WAgCYFzdRbmldaUJpsa2\/FBxXc+i0LmeG+lZpLW4rhT2c30z81v8AabW95WxwbarBsbcGYdWxvl3mF92P\/wCJ1TiF0J7MTTpsh8yLtCSHHiLJStKgQhCAES+Arh1aTlvfU7\/ivEJVxLeH1\/sNuF\/r+n9xFH43pyt\/u0v2R96EJX3GvYhxeBOzrxC6ZCG0BCFLJEyeBW+y4HaVBtrYIQqNT5DOV8yL5eoQkJoKTEGMbXOLWtBI1sEw\/wCcXqE503yxK2QpyS9tymneNCFrWxyzxDfooQpAm1fzEvn+5dhwBzn4JQOe4ucYGXJNydEIW7hvzS\/93FnE\/kj9SyQhCcCc5t6ZauppsOoWU9RNE2SfK8RvLQ8cjbeuTGpn7P1ftpOw\/wArOcvu3IQl17+NjLTpeGhyAAPkAGgGg5JdUSBG0EgFouOaELHHc2\/pI+5TGHuIQpBC2ag34DTomqj5kyfTaLtdxB5grxChbk9j6B2Tlkn2cwyWaR0kj6dhc95uXG28lXKEJ3D5UIZfMwQhC6OT\/9k=\" alt=\"\" style=\"width:384px;height:auto\"\/><\/figure>\n\n\n\n<details class=\"wp-block-details is-layout-flow wp-block-details-is-layout-flow\"><summary><strong>Procession des Rameaux et messe de la Passion :<\/strong><br>le 28\/03 \u00e0 18h \u00e0 <strong>Champhol<\/strong><br>le 29\/03 \u00e0 10h30 \u00e0 <strong>L\u00e8ves <\/strong>(d\u00e9part de la Fondation)<br><\/summary>\n<p><\/p>\n<\/details>\n<\/div>\n\n\n\n<div class=\"wp-block-column is-layout-flow wp-block-column-is-layout-flow\">\n<details class=\"wp-block-details is-layout-flow wp-block-details-is-layout-flow\"><summary><strong>Triduum pascal : 2, 3, 4 avril<\/strong><br><br><strong>Jeudi Saint <\/strong>: 17h C\u00e9l\u00e9bration \u00e0 <strong>Aligre<\/strong><br>19h <strong>C\u00e8ne du Seigneur<\/strong> \u00e0 <strong>St-Prest<\/strong><br>suivie de l\u2019adoration jusqu\u2019\u00e0 minuit. <strong>Vendredi Saint : <\/strong>8h30 Office des t\u00e9n\u00e8bres \u00e0 L\u00e8ves<br>15h chemin de Croix \u00e0 <strong>L\u00e8ves<\/strong><br>19h <strong>Office de la passion<\/strong> \u00e0 <strong>Saint-Prest<\/strong><br><br><strong>Samedi saint :<\/strong> 8h30 Office des t\u00e9n\u00e8bres \u00e0 <strong>L\u00e8ves<\/strong><br> 9h30 \u00e0 12h <strong>Confessions \u00e0 L\u00e8ves<\/strong><br><br><\/summary>\n<p><\/p>\n<\/details>\n<\/div>\n\n\n\n<div class=\"wp-block-column is-layout-flow wp-block-column-is-layout-flow\">\n<details class=\"wp-block-details is-layout-flow wp-block-details-is-layout-flow\"><summary> <strong>C\u00e9l\u00e9bration de la R\u00e9surrection         <\/strong><\/summary>\n<p><\/p>\n\n\n\n<details class=\"wp-block-details is-layout-flow wp-block-details-is-layout-flow\"><summary><\/summary>\n<p><\/p>\n<\/details>\n<\/details>\n\n\n\n<details class=\"wp-block-details is-layout-flow wp-block-details-is-layout-flow\"><summary><strong>Vigile pascale<\/strong> : <strong>\u00e0 21h \u00e0 Saint-Prest<\/strong><br><br><strong>Saint Jour de P\u00e2ques :<\/strong> Dimanche 5 avril<br>10h30 messe de la R\u00e9surrection \u00e0 <strong>L\u00e8ves<\/strong><\/summary>\n<p><\/p>\n<\/details>\n<\/div>\n<\/div>\n\n\n\n<div class=\"wp-block-columns is-layout-flex wp-container-core-columns-is-layout-28f84493 wp-block-columns-is-layout-flex\">\n<div class=\"wp-block-column is-layout-flow wp-block-column-is-layout-flow\">\n<figure class=\"wp-block-table\"><table class=\"has-fixed-layout\"><tbody><tr><td class=\"has-text-align-center\" data-align=\"center\"><strong><mark style=\"background-color:rgba(0, 0, 0, 0)\" class=\"has-inline-color has-mono-2-color\">MESSES DOMINICALES<\/mark><\/strong><\/td><td class=\"has-text-align-center\" data-align=\"center\"><strong><mark style=\"background-color:rgba(0, 0, 0, 0)\" class=\"has-inline-color has-primary-color\">Messes en semaine<\/mark><\/strong><br><mark style=\"background-color:rgba(0, 0, 0, 0)\" class=\"has-inline-color has-primary-color\">(p\u00e9riode scolaire uniquement)<\/mark><\/td><\/tr><tr><td class=\"has-text-align-center\" data-align=\"center\"><mark style=\"background-color:rgba(0, 0, 0, 0)\" class=\"has-inline-color has-mono-2-color\"><span style=\"text-decoration: underline;\"><strong>Samedi soir : 18h \u00e0 Champhol *<\/strong><\/span><\/mark><\/td><td class=\"has-text-align-center\" data-align=\"center\"><em><mark style=\"background-color:rgba(0, 0, 0, 0)\" class=\"has-inline-color has-primary-color\">Lundi : pas de messe<\/mark><\/em><\/td><\/tr><tr><td class=\"has-text-align-center\" data-align=\"center\"><span><mark style=\"background-color: rgba(0, 0, 0, 0);\" class=\"has-inline-color has-mono-2-color\"><i>* Samedi soir (mai et juin) : 18h \u00e0 Coltainville<\/i><\/mark><\/span><br><span><mark style=\"background-color: rgba(0, 0, 0, 0);\" class=\"has-inline-color has-mono-2-color\"><i>Samedi soir (septembre et octobre) : 18h \u00e0 Gasville<\/i><\/mark><\/span><\/td><td class=\"has-text-align-center\" data-align=\"center\"><strong><mark style=\"background-color:rgba(0, 0, 0, 0)\" class=\"has-inline-color has-primary-color\"><span style=\"text-decoration: underline;\">Mardi : 8h30 \u00e0 L\u00e8ves<\/span><\/mark><\/strong><\/td><\/tr><tr><td class=\"has-text-align-center\" data-align=\"center\"><strong><mark style=\"background-color:rgba(0, 0, 0, 0)\" class=\"has-inline-color has-mono-2-color\"><span style=\"text-decoration: underline;\">Dimanche : 10h30 \u00e0 L\u00e8ves **<\/span><\/mark><\/strong><\/td><td class=\"has-text-align-center\" data-align=\"center\"><strong><mark style=\"background-color:rgba(0, 0, 0, 0)\" class=\"has-inline-color has-primary-color\"><span style=\"text-decoration: underline;\">Mercredi : 18h \u00e0 Champhol<\/span> (suivie de l&rsquo;adoration)<\/mark><\/strong><\/td><\/tr><tr><td class=\"has-text-align-center\" data-align=\"center\"><em><mark style=\"background-color:rgba(0, 0, 0, 0)\" class=\"has-inline-color has-mono-2-color\">** Sauf de No\u00ebl \u00e0 f\u00e9vrier : 10h30 \u00e0 St-Prest<\/mark><\/em><br><span><mark style=\"background-color: rgba(0, 0, 0, 0);\" class=\"has-inline-color has-mono-2-color\"><i>Sauf en juillet et ao\u00fbt : 10h30 \u00e0 Saint-Prest<\/i><\/mark><\/span><\/td><td class=\"has-text-align-center\" data-align=\"center\"><em><mark style=\"background-color:rgba(0, 0, 0, 0)\" class=\"has-inline-color has-primary-color\">Jeudi : 17h \u00e0 la Fondation d&rsquo;Aligre (toutes les deux semaines. Voir revue paroissiale)<\/mark><\/em><\/td><\/tr><tr><td class=\"has-text-align-center\" data-align=\"center\"><\/td><td class=\"has-text-align-center\" data-align=\"center\"><strong><mark style=\"background-color:rgba(0, 0, 0, 0)\" class=\"has-inline-color has-primary-color\"><span style=\"text-decoration: underline;\">Vendredi : 18h \u00e0 L\u00e8ves<\/span><\/mark><\/strong><\/td><\/tr><\/tbody><\/table><\/figure>\n<\/div>\n<\/div>\n\n\n\n<div class=\"wp-block-buttons is-content-justification-center is-layout-flex wp-container-core-buttons-is-layout-a89b3969 wp-block-buttons-is-layout-flex\">\n<div class=\"wp-block-button\"><a class=\"wp-block-button__link has-text-align-center wp-element-button\">Rejoindre l&rsquo;\u00e9quipe liturgie<\/a><\/div>\n<\/div>\n\n\n\n<h5 class=\"wp-block-heading\">.<\/h5>\n","protected":false},"excerpt":{"rendered":"<p>Messes dominicales 21 f\u00e9vrier 18h \u00e0 Champhol 22 f\u00e9vrier 10h30 \u00e0 Saint Prest 28 f\u00e9vrier : exceptionnellement messe \u00e0 18h15 \u00e0 Champhol 1er mars : 10h30 \u00e0 L\u00e8ves* *jusqu&rsquo;au 30 avril MESSES DOMINICALES Messes en semaine(p\u00e9riode scolaire uniquement) Samedi soir : 18h \u00e0 Champhol * Lundi : pas de messe * Samedi soir (mai et [&hellip;]<\/p>\n","protected":false},"author":2,"featured_media":0,"parent":0,"menu_order":0,"comment_status":"closed","ping_status":"closed","template":"","meta":{"iawp_total_views":67,"footnotes":""},"class_list":["post-38","page","type-page","status-publish","hentry"],"_links":{"self":[{"href":"https:\/\/stgilduin.fr\/index.php?rest_route=\/wp\/v2\/pages\/38","targetHints":{"allow":["GET"]}}],"collection":[{"href":"https:\/\/stgilduin.fr\/index.php?rest_route=\/wp\/v2\/pages"}],"about":[{"href":"https:\/\/stgilduin.fr\/index.php?rest_route=\/wp\/v2\/types\/page"}],"author":[{"embeddable":true,"href":"https:\/\/stgilduin.fr\/index.php?rest_route=\/wp\/v2\/users\/2"}],"replies":[{"embeddable":true,"href":"https:\/\/stgilduin.fr\/index.php?rest_route=%2Fwp%2Fv2%2Fcomments&post=38"}],"version-history":[{"count":36,"href":"https:\/\/stgilduin.fr\/index.php?rest_route=\/wp\/v2\/pages\/38\/revisions"}],"predecessor-version":[{"id":765,"href":"https:\/\/stgilduin.fr\/index.php?rest_route=\/wp\/v2\/pages\/38\/revisions\/765"}],"wp:attachment":[{"href":"https:\/\/stgilduin.fr\/index.php?rest_route=%2Fwp%2Fv2%2Fmedia&parent=38"}],"curies":[{"name":"wp","href":"https:\/\/api.w.org\/{rel}","templated":true}]}}