{"id":78,"date":"2025-06-17T11:34:45","date_gmt":"2025-06-17T11:34:45","guid":{"rendered":"http:\/\/91.214.191.58\/?page_id=78"},"modified":"2025-10-24T16:56:30","modified_gmt":"2025-10-24T14:56:30","slug":"equipes-de-vie-chretienne","status":"publish","type":"page","link":"https:\/\/stgilduin.fr\/?page_id=78","title":{"rendered":"Equipes de vie chr\u00e9tienne"},"content":{"rendered":"\n<p><\/p>\n\n\n\n<div class=\"wp-block-columns is-layout-flex wp-container-core-columns-is-layout-28f84493 wp-block-columns-is-layout-flex\">\n<div class=\"wp-block-column is-layout-flow wp-block-column-is-layout-flow\" style=\"flex-basis:66.66%\">\n<figure class=\"wp-block-gallery has-nested-images columns-default is-cropped wp-block-gallery-1 is-layout-flex wp-block-gallery-is-layout-flex\">\n<figure class=\"wp-block-image size-full\"><img loading=\"lazy\" decoding=\"async\" width=\"290\" height=\"283\" data-id=\"307\" src=\"http:\/\/91.214.191.58\/wp-content\/uploads\/2025\/06\/Capture-decran-2025-06-23-a-14.05.43-1.png\" alt=\"\" class=\"wp-image-307\"\/><\/figure>\n\n\n\n<figure class=\"wp-block-image size-full\"><img loading=\"lazy\" decoding=\"async\" width=\"393\" height=\"171\" data-id=\"436\" src=\"http:\/\/91.214.191.58\/wp-content\/uploads\/2025\/06\/Capture-decran-2025-06-24-a-11.08.24.png\" alt=\"\" class=\"wp-image-436\" srcset=\"https:\/\/stgilduin.fr\/wp-content\/uploads\/2025\/06\/Capture-decran-2025-06-24-a-11.08.24.png 393w, https:\/\/stgilduin.fr\/wp-content\/uploads\/2025\/06\/Capture-decran-2025-06-24-a-11.08.24-300x131.png 300w\" sizes=\"auto, (max-width: 393px) 100vw, 393px\" \/><\/figure>\n\n\n\n<figure class=\"wp-block-image size-full\"><img loading=\"lazy\" decoding=\"async\" width=\"463\" height=\"269\" data-id=\"308\" src=\"http:\/\/91.214.191.58\/wp-content\/uploads\/2025\/06\/Capture-decran-2025-06-23-a-14.05.35.png\" alt=\"\" class=\"wp-image-308\" srcset=\"https:\/\/stgilduin.fr\/wp-content\/uploads\/2025\/06\/Capture-decran-2025-06-23-a-14.05.35.png 463w, https:\/\/stgilduin.fr\/wp-content\/uploads\/2025\/06\/Capture-decran-2025-06-23-a-14.05.35-300x174.png 300w\" sizes=\"auto, (max-width: 463px) 100vw, 463px\" \/><\/figure>\n<\/figure>\n<\/div>\n\n\n\n<div class=\"wp-block-column is-layout-flow wp-block-column-is-layout-flow\" style=\"flex-basis:33.33%\">\n<h5 class=\"wp-block-heading\">Equipe de vie chr\u00e9tienne <\/h5>\n\n\n\n<ul class=\"wp-block-list\">\n<li><strong>Rosaire Vivant<\/strong> : Sophie B\u00e9n\u00e9teau :             06 52 72 93 95&nbsp;<a href=\"mailto:sophie.beneteau@free.fr\">sophie.beneteau@free.fr<\/a><\/li>\n\n\n\n<li><strong>Equipes Notre Dame<\/strong> : <a href=\"mailto:END-28@outlook.fr\">END-28@outlook.fr<\/a><\/li>\n<\/ul>\n\n\n\n<div class=\"wp-block-buttons is-content-justification-center is-layout-flex wp-container-core-buttons-is-layout-a89b3969 wp-block-buttons-is-layout-flex\">\n<div class=\"wp-block-button\"><a class=\"wp-block-button__link has-text-align-center wp-element-button\" href=\"paroisse.stgilduin@gmail.com\">paroisse.stgilduin@gmail.com<\/a><\/div>\n<\/div>\n<\/div>\n<\/div>\n\n\n\n<h5 class=\"wp-block-heading\"><mark style=\"background-color:rgba(0, 0, 0, 0)\" class=\"has-inline-color has-mono-2-color\"><span style=\"text-decoration: underline;\">Les Equipes Notre Dame <\/span><\/mark><\/h5>\n\n\n\n<blockquote class=\"wp-block-quote is-layout-flow wp-block-quote-is-layout-flow\">\n<h5 class=\"wp-block-heading\"><em><em><strong>\u00ab<\/strong><\/em><\/em> <em>Si deux ou trois sont r\u00e9unis en mon nom, je suis au milieu d\u2019eux. <em><strong>\u00bb<\/strong><\/em>  Mt 18, 20<\/em><\/h5>\n<\/blockquote>\n\n\n\n<div class=\"wp-block-columns is-layout-flex wp-container-core-columns-is-layout-28f84493 wp-block-columns-is-layout-flex\">\n<div class=\"wp-block-column is-layout-flow wp-block-column-is-layout-flow\" style=\"flex-basis:33.33%\">\n<figure class=\"wp-block-image size-full\"><img loading=\"lazy\" decoding=\"async\" width=\"493\" height=\"499\" src=\"http:\/\/91.214.191.58\/wp-content\/uploads\/2025\/06\/Capture-decran-2025-06-23-a-14.30.51.png\" alt=\"\" class=\"wp-image-313\" srcset=\"https:\/\/stgilduin.fr\/wp-content\/uploads\/2025\/06\/Capture-decran-2025-06-23-a-14.30.51.png 493w, https:\/\/stgilduin.fr\/wp-content\/uploads\/2025\/06\/Capture-decran-2025-06-23-a-14.30.51-296x300.png 296w\" sizes=\"auto, (max-width: 493px) 100vw, 493px\" \/><\/figure>\n<\/div>\n\n\n\n<div class=\"wp-block-column is-layout-flow wp-block-column-is-layout-flow\" style=\"flex-basis:66.66%\">\n<ul class=\"wp-block-list\">\n<li><strong>Un mouvement d&rsquo;\u00c9glise<\/strong> : nous sommes un&nbsp;<strong>mouvement d\u2019\u00c9glise<\/strong>&nbsp;qui rassemble des couples mari\u00e9s ayant le d\u00e9sir de vivre pleinement les richesses de leur&nbsp;<a href=\"https:\/\/www.equipes-notre-dame.fr\/autour-du-couple\/le-bonheur-dans-le-mariage\/\">sacrement de mariage<\/a>. Les Equipes Notre-Dame ont \u00e9t\u00e9 reconnues par le Vatican Association Internationale Catholique en 1975 et Association Priv\u00e9e Internationale de Fid\u00e8les en 2002.<\/li>\n<\/ul>\n\n\n\n<p><\/p>\n\n\n\n<ul class=\"wp-block-list\">\n<li><strong>Des couples d\u00e9sireux de r\u00e9pondre \u00e0 l\u2019appel du Christ<\/strong> : nous sommes des couples mari\u00e9s d\u00e9sireux de r\u00e9pondre \u00e0 l\u2019appel du Christ : \u00ab Viens et suis-moi \u00bb, conscients de notre faiblesse, confiants dans la gr\u00e2ce de notre&nbsp;<a href=\"https:\/\/www.equipes-notre-dame.fr\/autour-du-couple\/le-bonheur-dans-le-mariage\/\">sacrement de mariage<\/a>&nbsp;et croyant en l\u2019efficacit\u00e9 de l\u2019<a href=\"https:\/\/www.equipes-notre-dame.fr\/la-vie-dequipe\/lentraide-fraternelle\/\">entraide fraternelle<\/a>&nbsp;et de la promesse du Christ.<\/li>\n<\/ul>\n\n\n\n<figure class=\"wp-block-image size-full\"><a href=\"https:\/\/www.equipes-notre-dame.fr\"><img loading=\"lazy\" decoding=\"async\" width=\"119\" height=\"88\" src=\"http:\/\/91.214.191.58\/wp-content\/uploads\/2025\/06\/Capture-decran-2025-06-23-a-14.32.38.png\" alt=\"\" class=\"wp-image-314\"\/><\/a><\/figure>\n<\/div>\n<\/div>\n\n\n\n<p><\/p>\n\n\n\n<h5 class=\"wp-block-heading\"><mark style=\"background-color:rgba(0, 0, 0, 0)\" class=\"has-inline-color has-mono-2-color\"><span style=\"text-decoration: underline;\">Le Rosaire Vivant<\/span><\/mark><\/h5>\n\n\n\n<blockquote class=\"wp-block-quote is-layout-flow wp-block-quote-is-layout-flow\">\n<h5 class=\"wp-block-heading\">Le Rosaire,&nbsp;\u00ab&nbsp;c\u2019est de toutes les pri\u00e8res la&nbsp;plus belle, la plus riche en gr\u00e2ces, celle qui pla\u00eet le plus \u00e0 la Tr\u00e8s Sainte Vierge. \u00bb&nbsp;Saint Pie X, Testament<\/h5>\n<\/blockquote>\n\n\n\n<ul class=\"wp-block-list\">\n<li>Mois d&rsquo;octobre \/ mai = Mois du Rosaire<\/li>\n\n\n\n<li>Un Rosaire = 20 Myst\u00e8res que l&rsquo;on m\u00e9dite en priant 20 dizaines de \u00ab\u00a0Je Vous salue Marie\u00a0\u00bb <\/li>\n\n\n\n<li>Un Myst\u00e8re = un \u00e9pisode de la vie de J\u00e9sus. Un Rosaire Vivant = un Rosaire r\u00e9parti entre 20 personnes<\/li>\n<\/ul>\n\n\n\n<p>En mai dernier, mois de Marie, nous \u00e9tions 52 paroissiens, dont plusieurs \u00e9coliers, coll\u00e9giens, lyc\u00e9ens et \u00e9tudiants, \u00e0 unir ainsi notre pri\u00e8re. Chacun m\u00e9dite chaque jour du mois d&rsquo;octobre le Myst\u00e8re qui lui est confi\u00e9 &#8211; un Myst\u00e8re diff\u00e9rent tous les jours &#8211; en r\u00e9citant un \u00ab\u00a0Notre P\u00e8re\u00a0\u00bb et dix \u00ab\u00a0Je vous salue\u00a0\u00bb, quand il veut, o\u00f9 il veut, seul ou en famille, bref, librement mais fid\u00e8lement &#8230; Ainsi, Marie re\u00e7oit de notre paroisse un Rosaire complet chaque jour, et chaque paroissien s\u2019abandonne dans ses bras pour&nbsp;se laisser conduire vers J\u00e9sus. Un nouveau Rosaire Vivant est lanc\u00e9 en ce mois d&rsquo;octobre dans notre paroisse, avec son livret de 20 courtes m\u00e9ditations pour nourrir notre pri\u00e8re ; on peut s&rsquo;y joindre \u00e0 tout moment (jusqu&rsquo;au 31 octobre inclus !) et recevoir le livret.<\/p>\n\n\n\n<p><\/p>\n\n\n\n<h5 class=\"wp-block-heading\"><\/h5>\n","protected":false},"excerpt":{"rendered":"<p>Equipe de vie chr\u00e9tienne Les Equipes Notre Dame \u00ab Si deux ou trois sont r\u00e9unis en mon nom, je suis au milieu d\u2019eux. \u00bb Mt 18, 20 Le Rosaire Vivant Le Rosaire,&nbsp;\u00ab&nbsp;c\u2019est de toutes les pri\u00e8res la&nbsp;plus belle, la plus riche en gr\u00e2ces, celle qui pla\u00eet le plus \u00e0 la Tr\u00e8s Sainte Vierge. \u00bb&nbsp;Saint Pie [&hellip;]<\/p>\n","protected":false},"author":2,"featured_media":0,"parent":0,"menu_order":0,"comment_status":"closed","ping_status":"closed","template":"","meta":{"iawp_total_views":2,"footnotes":""},"class_list":["post-78","page","type-page","status-publish","hentry"],"_links":{"self":[{"href":"https:\/\/stgilduin.fr\/index.php?rest_route=\/wp\/v2\/pages\/78","targetHints":{"allow":["GET"]}}],"collection":[{"href":"https:\/\/stgilduin.fr\/index.php?rest_route=\/wp\/v2\/pages"}],"about":[{"href":"https:\/\/stgilduin.fr\/index.php?rest_route=\/wp\/v2\/types\/page"}],"author":[{"embeddable":true,"href":"https:\/\/stgilduin.fr\/index.php?rest_route=\/wp\/v2\/users\/2"}],"replies":[{"embeddable":true,"href":"https:\/\/stgilduin.fr\/index.php?rest_route=%2Fwp%2Fv2%2Fcomments&post=78"}],"version-history":[{"count":12,"href":"https:\/\/stgilduin.fr\/index.php?rest_route=\/wp\/v2\/pages\/78\/revisions"}],"predecessor-version":[{"id":705,"href":"https:\/\/stgilduin.fr\/index.php?rest_route=\/wp\/v2\/pages\/78\/revisions\/705"}],"wp:attachment":[{"href":"https:\/\/stgilduin.fr\/index.php?rest_route=%2Fwp%2Fv2%2Fmedia&parent=78"}],"curies":[{"name":"wp","href":"https:\/\/api.w.org\/{rel}","templated":true}]}}